{"id":11,"date":"2024-05-29T18:47:53","date_gmt":"2024-05-29T16:47:53","guid":{"rendered":"http:\/\/bluestrike.xyz\/?page_id=11"},"modified":"2024-05-29T18:47:53","modified_gmt":"2024-05-29T16:47:53","slug":"fraktionsregelwerk","status":"publish","type":"page","link":"https:\/\/bluestrike.xyz\/index.php\/fraktionsregelwerk\/","title":{"rendered":"Fraktionsregelwerk"},"content":{"rendered":"\n<p>Fraktionsregelwerk<\/p>\n\n\n\n<p>\u00a7 1 Durchsuchen<\/p>\n\n\n\n<ul class=\"wp-block-list\">\n<li>Das durchsuchen &amp; Items abnehmen wird wie folgt geregelt:<ul><li>W\u00e4hrend eines Schussgefechts ist das durchsuchen nicht erlaubt.<\/li><li>Ohne einen RP Hintergrund ist das durchsuchen und am Boden nicht erlaubt.\u00a0<\/li><\/ul>\n<ul class=\"wp-block-list\">\n<li>Ohne einen RP Hintergrund ist das durchsuchen, w\u00e4hrend die Person im Kopf ist, nicht gestattet.<\/li>\n\n\n\n<li>Bewusstlosen Personen muss nicht gesagt werden, dass sie durchsucht werden (man redet nicht mit bewusstlosen\/ Leichen)<\/li>\n<\/ul>\n<\/li>\n<\/ul>\n\n\n\n<h1 class=\"wp-block-heading\">\u00a7 2 Gangs \/ Familien \/ Mafien<\/h1>\n\n\n\n<ul class=\"wp-block-list\">\n<li>Offizielle Illegale Fraktionen d\u00fcrfen maximal 20 Mitglieder sein und mit maximal 15 Mitglieder agieren. Unter Agieren versteht man z.B. das Verlassen des Anwesens \/ Hood.\u00a0<\/li>\n\n\n\n<li>Eine illegale Fraktion darf ein legales Gesch\u00e4ft f\u00fchren.<\/li>\n\n\n\n<li>Konflikte zwischen zwei illegalen Fraktionen und Staatsfraktionen, m\u00fcssen ohne Hilfe von anderen Parteien ausgespielt werden.<\/li>\n\n\n\n<li>Es darf nicht erzwungen werden, Autos aus Garagen auszuparken.<\/li>\n\n\n\n<li>Ein B\u00fcndnis zwischen 2 Fraktionen muss bei der Frakverwaltung angemeldet werden. Dieser kann nicht in einer laufenden RP-Situation nicht genehmigt werden. Ein B\u00fcndnis gilt f\u00fcr 24 Stunden.\u00a0\u00a0<\/li>\n\n\n\n<li>Mitglieder einer Fraktion m\u00fcssen einheitlich erkennbar sein, d.h. jedes Mitglied hat Familienkleidung zu tragen, sowie seine Autos, in die Familienfarbe umzulackieren.\u00a0<\/li>\n\n\n\n<li>Auf illegalen Routen darf ein Familienmitglied nicht als Zivilist agieren.\u00a0\u00a0<\/li>\n<\/ul>\n\n\n\n<h1 class=\"wp-block-heading\">\u00a7 3 \/ Routen<\/h1>\n\n\n\n<ul class=\"wp-block-list\">\n<li>Jede illegale Fraktion kann jede Route besetzen, aber immer nur eine gleichzeitig.<\/li>\n\n\n\n<li>Man kann sich auf jeder Route zum Arbeiten einkaufen.<\/li>\n<\/ul>\n\n\n\n<h1 class=\"wp-block-heading\">\u00a7 4 \/ Fraktionswechsel<\/h1>\n\n\n\n<ul class=\"wp-block-list\">\n<li>Das &#8220;jumpen&#8221; (st\u00e4ndige wechseln) zwischen Fraktionen ist nicht gestattet. (Dies kann im schlimmsten Fall mit einem Bann bestraft werden).<\/li>\n\n\n\n<li>Der Wechsel von einer Staatsfraktion in eine Bad Fraktion wird mit einer 3 t\u00e4gigen Fraktionssperre versehen.\u00a0<\/li>\n<\/ul>\n\n\n\n<h1 class=\"wp-block-heading\">\u00a7 5 \/ Fraktions-Kriege<\/h1>\n\n\n\n<ul class=\"wp-block-list\">\n<li>Ein Gang-War darf nicht \u00f6ffentlich gehalten werden.<\/li>\n\n\n\n<li>Der finale Kampf darf nach Ank\u00fcndigung dort ausgetragen werden, wo sich keine Zivilisten aufhalten (wenn keine Einigung, in welcher Hood er stattfinden soll).<\/li>\n\n\n\n<li>Ein Gang-War wird angek\u00fcndigt und erst mit einem Termin darf der Krieg begonnen werden<\/li>\n\n\n\n<li>Die Dauer des Gang-Wars geht maximal 1 Tag. Nach Absprache mit dem bearbeitenden Teammitglied kann diese Zeit auch verl\u00e4ngert werden.<\/li>\n\n\n\n<li>Es muss einen Sachbearbeiter geben, seitens des Teams (Moderator oder h\u00f6her). Dieser ist bei Support Anliegen bez\u00fcglich genannter Situation als erste Kontaktperson zu informieren und daf\u00fcr verantwortlich.<\/li>\n\n\n\n<li>Bei einem Gang-War darf sich keine Drittpartei einmischen. Darunter fallen auch staatliche Fraktionen.<\/li>\n\n\n\n<li>Bei einem Gang-War muss in den Hoods keine bedrohliche Tat Ank\u00fcndigung angek\u00fcndigt werden<\/li>\n<\/ul>\n\n\n\n<h1 class=\"wp-block-heading\">\u00a7 6 \/ Auftragsmorde<\/h1>\n\n\n\n<ul class=\"wp-block-list\">\n<li>Auftragsmorde d\u00fcrfen nur von oder \u00fcber Mafien beauftragt werden.<\/li>\n\n\n\n<li>Der Exekutionsbeauftragte muss zu jeder Zeit klar zu erkennen sein.<\/li>\n\n\n\n<li>Die Fraktion, die den Auftragskiller arrangiert, ist mit zu benennen.<\/li>\n\n\n\n<li>Die Zielperson muss informiert werden, dass sie gesucht wird.<\/li>\n\n\n\n<li>Das Ziel gilt in einer Zeit von einer Stunde als vogelfrei und darf von dem Auftragsm\u00f6rder jederzeit erschossen werden (Zweit- oder Drittparteien sind hier zu jedem Zeitpunkt auszuschlie\u00dfen).<\/li>\n\n\n\n<li>Das Ziel hat das Recht, sich Schutz seitens staatlichen Exekutiven zu suchen (Das Ziel darf dabei aber nicht wissen, von welcher Fraktion er gesucht wird, sondern nur, dass er gesucht wird).<\/li>\n\n\n\n<li>Sollte es aus OCC- Gr\u00fcnden nicht m\u00f6glich sein, in der Zeit online zu bleiben, ist dies im Support anzugeben und die Situation wird verschoben.<\/li>\n\n\n\n<li>Das Ziel darf sich nicht komplett aus der \u00d6ffentlichkeit zur\u00fcckziehen (also nicht in die eigene Wohnung\/ Haus etc. setzen und die Zeit abwarten).<\/li>\n\n\n\n<li>Ein Moderator oder h\u00f6her wird f\u00fcr den Zeitraum mit hinzugezogen als Sachbearbeiter.<\/li>\n<\/ul>\n\n\n\n<h1 class=\"wp-block-heading\">\u00a7 7 \/ Gruppierungen\/ Gangs\/ Familien\/ Mafien gr\u00fcnden<\/h1>\n\n\n\n<ul class=\"wp-block-list\">\n<li>Gang -> mind. 5 Personen<\/li>\n\n\n\n<li>Illegale Fraktion -> mind. 5 Personen<\/li>\n\n\n\n<li>Legale Fraktion\/Firma -> 5 Personen<\/li>\n\n\n\n<li>Eine neu gegr\u00fcndete illegale Fraktion hat 3 Tage &#8220;Welpenschutz&#8221;, um sich aufbauen zu k\u00f6nnen. Sollte diese neu gegr\u00fcndete Fraktion innerhalb dieser 3 Tage gegen andere illegale Fraktionen vorgehen, verf\u00e4llt der &#8220;Welpenschutz&#8221;. Sollte der &#8220;Welpenschutz&#8221; nicht von anderen illegalen Fraktionen eingehalten werden, ist mit einer Strafe zu rechnen.<\/li>\n<\/ul>\n\n\n\n<h1 class=\"wp-block-heading\">\u00a7 8 \/ Maskierung<\/h1>\n\n\n\n<ul class=\"wp-block-list\">\n<li>Spieler mit einer Vollmaskierung d\u00fcrfen nicht anhand der Stimme\/ Akzent erkannt werden.<\/li>\n\n\n\n<li>Als Vollmaskierung gilt:\n<ol class=\"wp-block-list\">\n<li>Balaclava, Sturmhaube, Masken, Strumpf, T-Shirt<\/li>\n<\/ol>\n<\/li>\n\n\n\n<li>Eine einfache Maske\/ Bandana, die den Mund verdeckt, z\u00e4hlt nicht als Vollmaskierung. Mit Sonnenbrille und Kopfbedeckung z\u00e4hlt es als Vollmaskierung<\/li>\n\n\n\n<li>Der maskierte Spieler ist angehalten, alles f\u00fcr die Verschleierung seiner Identit\u00e4t zu tun (Kopfbedeckung, unauff\u00e4llige Klamotten, anderes Fahrzeug).<\/li>\n\n\n\n<li>Die Identifizierung eines Spielers kann nur durch den Sichtkontakt erfolgen.<\/li>\n\n\n\n<li>Ein Spieler in einem anderen Raum gilt solange als nicht identifiziert, bis er gesehen wird.<\/li>\n\n\n\n<li>Personen in einer Gruppierung mit Vollmaskierung sind nicht erkennbar, JEDOCH ist Kleidung identifizierbar. Hier wird mit gesundem Menschenverstand agiert &#8211; Bsp. Du hast bereits mit ein und demselben Cop 15 RP Situationen gehabt und er hat dich auch schon ohne Maske gesehen, kann er dich erkennen.<\/li>\n\n\n\n<li>F\u00fcr Anrufe gilt:\n<ol class=\"wp-block-list\">\n<li>Der Anrufer von einer unbekannten Rufnummer gilt als unbekannt. (Erlaubt sind in diesem Fall auch Stimmverzerrer bei ordentlichem RP-Hintergrund). Diese Regel gilt auch f\u00fcr Funkger\u00e4te.<\/li>\n<\/ol>\n<\/li>\n<\/ul>\n\n\n\n<h1 class=\"wp-block-heading\">\u00a7 9 \/ Geiselnahmen \/ \u00dcberf\u00e4lle \/ Entf\u00fchrungen<\/h1>\n\n\n\n<ul class=\"wp-block-list\">\n<li>Es ist untersagt, in den letzten 30 Minuten vor dem regul\u00e4ren Serverrestart eine Geiselnahme und R\u00e4ube aller Art zu starten.<\/li>\n\n\n\n<li>Es ist darauf zu achten, dass es m\u00f6glich ist, die RP-Situation innerhalb der aktuellen Server-Periode zu beenden (Schie\u00dferei und \u00c4hnliches).<\/li>\n\n\n\n<li>Staatlichen Exekutiven sind nicht grundlos zu st\u00fcrmen!<\/li>\n\n\n\n<li>\u00a0Es d\u00fcrfen maximal 4 Geiseln genommen werden.\u00a0<\/li>\n\n\n\n<li>Bei einer Geiselnahme muss das RP immer im Vordergrund stehen und nicht das L\u00f6segeld\/ Equipment.<\/li>\n\n\n\n<li>Es ist strengstens untersagt, in einer Geiselnahme sich selbst als Geisel zu nehmen.\u00a0<\/li>\n\n\n\n<li>Das L\u00f6segeld\/ Equipment sollte einem realistischen Wert entsprechen. Hierbei darf pro Geisel ein L\u00f6segeld in H\u00f6he von 50.000$ verlangt werden.<\/li>\n<\/ul>\n\n\n\n<p>Staatliche Langwaffen (Sturmgewehr) d\u00fcrfen nicht f\u00fcr eine Geisel gefordert werden. Es d\u00fcrfen illegale Waffen f\u00fcr die Geiseln verlangt werden wie z.B:<\/p>\n\n\n\n<ul class=\"wp-block-list\">\n<li>1 Langwaffe\u00a0 = 1 Geiseln<\/li>\n<\/ul>\n\n\n\n<p>Diese Waffen d\u00fcrfen nur dann verlangt werden, wenn diese der Gruppierung oder Familie innerhalb der letzten 24 Stunden abgenommen wurden.&nbsp;<\/p>\n\n\n\n<ul class=\"wp-block-list\">\n<li>Gruppierungen m\u00fcssen ohne die Hilfe von anderen Parteien eine Geiselnahme durchf\u00fchren. (Siehe Gruppierung-Regel) (Ausnahme hierbei sind offiziell angek\u00fcndigte B\u00fcndnisse zwischen 2 Parteien)<\/li>\n\n\n\n<li>Geiseln, welche sich kooperativ zeigen, dem RP mitziehen und alles anbieten, um dem RP zu folgen, d\u00fcrfen am Ende nicht sterben.<\/li>\n\n\n\n<li>Das Staatsgef\u00e4ngnis ist eine Todeszone, sprich, wer in das Staatsgef\u00e4ngnis einbricht, gibt einen Schuss Call an die Seite der Exekutive frei!<\/li>\n\n\n\n<li>Illegale Aktivit\u00e4ten sollten nicht zur Bek\u00e4mpfung von Langeweile dienen!<\/li>\n\n\n\n<li>\u00dcberf\u00e4lle auf Mediziner sind strengstens untersagt und werden bestraft.<\/li>\n\n\n\n<li>Bei einem Bankraub, Geiselnahme oder einem Ladenraub etc. muss von der Polizei keine bedrohliche Tat Ank\u00fcndigung gegeben werden. Bei dem Widersetzen von Verhandlungen ist mit einer St\u00fcrmung zu rechnen.<\/li>\n<\/ul>\n\n\n\n<p>\u00a7 10 \/ Blood-In \/ Blood-Out<\/p>\n\n\n\n<ul class=\"wp-block-list\">\n<li>Ein Spieler, der einen Blood-In hatte, kann einen Blood-Out erhalten.<\/li>\n\n\n\n<li>Ein Spieler kann mit einem Blood-In nicht gezwungen werden, Besitz (Firmen\/Autos etc.) an die Gang oder andere Gangmitglieder zu \u00fcberschreiben.<\/li>\n\n\n\n<li>Auch ein OG muss mit einem Blood-Out rechnen, solange die gesamte Fraktion damit einverstanden ist (muss im Support bewiesen werden k\u00f6nnen).<\/li>\n\n\n\n<li>Der Spieler, der den Blood-Out erh\u00e4lt, muss vorab nicht in Kenntnis gesetzt werden.<\/li>\n\n\n\n<li>Ein Blood-Out darf nur von einer angemeldeten Gruppierung beantragt werden und muss einen logischen RP-Grund haben.<\/li>\n\n\n\n<li>Beim Blood-Out muss die betroffene Person die Informationen und die Zeit bei der Gruppierung vergessen.<\/li>\n\n\n\n<li>Ein Spieler, der einen Blood-Out bekommen hat, darf von der Gruppierung hinterher im RP auf dessen Vergangenheit bei der Gruppierung nicht angespielt werden.\u00a0\u00a0\u00a0\u00a0\u00a0\u00a0\u00a0\u00a0\u00a0\u00a0\u00a0\u00a0\u00a0\u00a0\u00a0\u00a0\u00a0\u00a0\u00a0\u00a0\u00a0\u00a0\u00a0\u00a0\u00a0\u00a0\u00a0\u00a0\u00a0\u00a0\u00a0\u00a0\u00a0\u00a0\u00a0\u00a0\u00a0\u00a0\u00a0\u00a0\u00a0\u00a0\u00a0\u00a0\u00a0\u00a0\u00a0\u00a0\u00a0\u00a0\u00a0\u00a0\u00a0\u00a0\u00a0\u00a0\u00a0\u00a0\u00a0\u00a0\u00a0\u00a0\u00a0\u00a0\u00a0\u00a0\u00a0\u00a0\u00a0\u00a0\u00a0\u00a0\u00a0\u00a0\u00a0\u00a0\u00a0<\/li>\n\n\n\n<li>Es muss sichergestellt werden, dass im Anschluss alle Mitglieder \u00fcber den Blood-Out informiert werden.<\/li>\n<\/ul>\n\n\n\n<h1 class=\"wp-block-heading\">\u00a7 11 \/ Staatsfraktionen<\/h1>\n\n\n\n<ul class=\"wp-block-list\">\n<li>Unter staatlichen Fraktionen fallen das LSPD, LSMD<\/li>\n\n\n\n<li>Als legale Fraktionen gelten Spieler gef\u00fchrte Fraktionen, die kein Crime-RP spielen (Taxi, Caffee&#8217;s, Mechaniker, etc.) Legale Fraktionen k\u00f6nnen Crime-Fraks mit R\u00e4umen zum Verstecken und Bestechung unterst\u00fctzen. Das Abrutschen in die Crime-Schiene ist nur nach einem Antrag mit SEHR gutem RP Hintergrund m\u00f6glich.<\/li>\n\n\n\n<li>Polizisten haben das Recht zu jedem Zeitpunkt eine\u00a0<\/li>\n<\/ul>\n\n\n\n<p>Stra\u00dfen-, Fahrzeug oder Personenkontrolle zu vollziehen, wenn ihnen etwas auff\u00e4llt.<\/p>\n\n\n\n<ul class=\"wp-block-list\">\n<li>Begr\u00fcndeter Tatverdacht: Ihr habt Langwaffen gesehen, Drogen oder eine sehr auff\u00e4llige Fahrweise.\u00a0<\/li>\n\n\n\n<li>Das Durchsuchen von Personen oder Fahrzeugen ist nur mit begr\u00fcndetem Tatverdacht erlaubt (Waffen gesichtet, extrem auff\u00e4llige Fahrweisen, Respektlosigkeit, Verweigerung der Kooperation, etc)<\/li>\n\n\n\n<li>Das LSMD ist<em> <\/em>unantastbar. Sollten sich jedoch Mitglieder aus den genannten Fraktionen respektlos verhalten, verf\u00e4llt diese Unantastbarkeit.<\/li>\n<\/ul>\n\n\n\n<p>Mediziner, die privat f\u00fcr illegale Fraktionen arbeiten, verlieren automatisch ihre Unantastbarkeit, w\u00e4hrend diese Fraktionen behandelt werden.<\/p>\n\n\n\n<ul class=\"wp-block-list\">\n<li>Das LSMD ist eine Safezone, wer diese ausnutzt, hat mit Konsequenzen zu rechnen.<\/li>\n\n\n\n<li>Mechaniker Tuning: Es ist absolut verboten, Waffen-Gesch\u00fctze oder Extra-Tuning wie Boosts etc. an Fahrzeugen anzubringen.<\/li>\n\n\n\n<li>Staatsfraktionen stark zu bel\u00e4stigen, kann mit einer Strafe vom Support behandelt werden (Entscheidungsgewalt Support).<\/li>\n\n\n\n<li>Den staatlichen Exekutiven d\u00fcrfen nur: Illegale Gegenst\u00e4nde wie Drogen, Schwarzgeld, normale Magazine, normale Schutzwesten, GPS Tracker und Handys abgenommen werden.\u00a0<\/li>\n<\/ul>\n\n\n\n<ul class=\"wp-block-list\">\n<li>Es darf nicht erzwungen werden, Waffen oder illegale Gegenst\u00e4nde aus der Asservatenkammer herauszugeben.<\/li>\n\n\n\n<li>Der Taser darf ausschlie\u00dflich von LSPD mitgef\u00fchrt, besessen oder benutzt werden.<\/li>\n\n\n\n<li>Cop-Baiting ist in jeglicher Form verboten.<\/li>\n\n\n\n<li>Einsatzfahrzeuge ohne RP-Hintergrund zu entwenden, gilt als Cop-Baiting und wird als dieses geahndet.<\/li>\n\n\n\n<li>Mediziner haben das Recht, Spieler f\u00fcr &#8220;tot&#8221; (NotOP) zu erkl\u00e4ren, sollte es aus RP-technischen Gr\u00fcnden keine M\u00f6glichkeit mehr geben, den Spieler zu heilen.<\/li>\n\n\n\n<li>Mediziner haben das Recht, einen &#8220;Revive&#8221; (Wiederbelebung) zu verweigern, sollte sich herausstellen, dass die bewusstlose Person fahrl\u00e4ssig mit ihrem Leben umgegangen ist.<\/li>\n\n\n\n<li>Wenn man von einer Staatsfraktion (staatlichen Exekutiven) gek\u00fcndigt hat \/ gek\u00fcndigt wurde, ist man dazu verpflichtet, die Dienstwaffen sowie die Dienst-Gegenst\u00e4nde (alles was von der Fraktion gestellt wurde) wegzuwerfen o. beim LSPD abzugeben.<\/li>\n\n\n\n<li>Sobald eine Sperrzone vom staatlichen Exekutiven ausgerufen wurde, d\u00fcrfen keine gro\u00dfen Raub\u00fcberf\u00e4lle gestartet werden.<\/li>\n\n\n\n<li>Juwelier sowie Banken und die Staatsbank d\u00fcrfen nicht mehrere Male die Stunde\u00a0 ausgeraubt werden.<\/li>\n\n\n\n<li>Verhaftung: Wenn einem Straft\u00e4ter die Rechte nicht bis zur Inhaftierung vorgelesen wurden, m\u00fcssen diese Straft\u00e4ter freigelassen werden.<\/li>\n\n\n\n<li>Staatliche Fraktionen haben in der F\u00fchrungsebene eine Kleiderordnung zu bestimmen, an die sich gehalten wird.\n<ul class=\"wp-block-list\">\n<li>Exekutive Fraktionen haben immer eine Weste dabei zu haben, die eindeutig der Fraktion zuordenbar ist. Im Einsatz hat diese getragen zu werden<\/li>\n\n\n\n<li>Mediziner im Dienst haben blaue Latex Handschuhe zu tragen und diese zu jeder Behandlung zu tragen\u00a0<\/li>\n\n\n\n<li>Die Ausr\u00fcstung der einzelnen Beamten wird durch die Leitungsebene bestimmt.\u00a0<\/li>\n<\/ul>\n<\/li>\n<\/ul>\n\n\n\n<h1 class=\"wp-block-heading\">\u00a7 12 \/ Korruption in Staatsfraktionen<\/h1>\n\n\n\n<ul class=\"wp-block-list\">\n<li>Generell gilt in allen Staatsfraktionen ein administratives Verbot f\u00fcr Korruption.<\/li>\n\n\n\n<li>Es ist Mitarbeitern des LSMDs untersagt, als &#8220;privater&#8221; Mediziner unabh\u00e4ngig zu behandeln oder zu reviven. Weiterhin haben Sie sich an die internen Dienstvorschriften zu halten.\u00a0<\/li>\n\n\n\n<li>Staatskonten und Asservatenkammer sind in keinem Fall zu veruntreuen.<\/li>\n\n\n\n<li>Unter Korruption f\u00e4llt:\n<ul class=\"wp-block-list\">\n<li>Der Handel mit Gegenst\u00e4nden aus der Asservatenkammer.<\/li>\n\n\n\n<li>Der Handel mit Gegenst\u00e4nden aus dem Waffenschrank.<\/li>\n\n\n\n<li>Dienstfahrzeuge zu verkaufen (Zus\u00e4tzlich= Scam).<\/li>\n\n\n\n<li>Der Handel mit Medipacks, Bandagen und Medikamenten in gro\u00dfen Mengen als Medic. (Unter Handel f\u00e4llt sowohl der Verkauf, als auch das Verschenken etc.)<\/li>\n<\/ul>\n<\/li>\n\n\n\n<li>Nicht unter Korruption f\u00e4llt der Handel mit Informationen (um z.B. herauszufinden, wer die Geldw\u00e4sche oder den Waffenhandel betreibt).<\/li>\n<\/ul>\n","protected":false},"excerpt":{"rendered":"<p>Fraktionsregelwerk \u00a7 1 Durchsuchen \u00a7 2 Gangs \/ Familien \/ Mafien \u00a7 3 \/ Routen \u00a7 4 \/ Fraktionswechsel \u00a7 5 \/ Fraktions-Kriege \u00a7 6 \/ Auftragsmorde \u00a7 7 \/ Gruppierungen\/ Gangs\/ Familien\/ Mafien gr\u00fcnden \u00a7 8 \/ Maskierung \u00a7 9 \/ Geiselnahmen \/ \u00dcberf\u00e4lle \/ Entf\u00fchrungen Staatliche Langwaffen (Sturmgewehr) d\u00fcrfen nicht f\u00fcr eine Geisel [&hellip;]<\/p>\n","protected":false},"author":1,"featured_media":0,"parent":0,"menu_order":0,"comment_status":"closed","ping_status":"closed","template":"","meta":{"footnotes":""},"class_list":["post-11","page","type-page","status-publish","hentry"],"_links":{"self":[{"href":"https:\/\/bluestrike.xyz\/index.php\/wp-json\/wp\/v2\/pages\/11","targetHints":{"allow":["GET"]}}],"collection":[{"href":"https:\/\/bluestrike.xyz\/index.php\/wp-json\/wp\/v2\/pages"}],"about":[{"href":"https:\/\/bluestrike.xyz\/index.php\/wp-json\/wp\/v2\/types\/page"}],"author":[{"embeddable":true,"href":"https:\/\/bluestrike.xyz\/index.php\/wp-json\/wp\/v2\/users\/1"}],"replies":[{"embeddable":true,"href":"https:\/\/bluestrike.xyz\/index.php\/wp-json\/wp\/v2\/comments?post=11"}],"version-history":[{"count":1,"href":"https:\/\/bluestrike.xyz\/index.php\/wp-json\/wp\/v2\/pages\/11\/revisions"}],"predecessor-version":[{"id":12,"href":"https:\/\/bluestrike.xyz\/index.php\/wp-json\/wp\/v2\/pages\/11\/revisions\/12"}],"wp:attachment":[{"href":"https:\/\/bluestrike.xyz\/index.php\/wp-json\/wp\/v2\/media?parent=11"}],"curies":[{"name":"wp","href":"https:\/\/api.w.org\/{rel}","templated":true}]}}